inder when 1239 is divided by y.
39
Let l(n) be the third derivative of -n**5/60 + 17*n**4/24 + 7*n**3/2 + 6*n**2. Let u be l(20). What is the remainder when (u/6)/(4/(-24)) is divided by 10?
9
Suppose 10*h - 196 = 17*h. Let o be ((-14)/(-2) + -2)*h/(-10). Let c = o + -7. Calculate the remainder when 39 is divided by c.
4
Let v = -3535 + 3597. What is the remainder when v is divided by 39?
23
Let b(u) = -1332*u + 3470. What is the remainder when b(-6) is divided by 244?
238
Let m be (((-315)/12)/5)/((-7)/56). Let f = m + -24. Let r(z) = z - 3. What is the remainder when 25 is divided by r(f)?
10
Suppose p + 11 - 1 = -4*s, 5*s - 4*p + 2 = 0. Let y be 120/(-8)*-1*(s + 5). Let i = 13 + y. What is the remainder when i is divided by 17?
7
Let p be (-1)/(1 - 15/10). Suppose l + 2*c + 26 = 0, -l + p*c + 0*c - 26 = 0. Let w = l - -48. Calculate the remainder when 64 is divided by w.
20
Let d(a) = -a**3 - 14*a**2 - 64*a + 50. Calculate the remainder when 655 is divided by d(-8).
121
Let a = 11468 + -9807. What is the remainder when a is divided by 64?
61
Let n = -3025 + 3649. Calculate the remainder when n is divided by 82.
50
Let k = 404 - 341. What is the remainder when 219 is divided by k?
30
Let l(w) = w**3 + 6*w**2 - w - 4. What is the remainder when l(-4) is divided by (-5648)/(-432) + 64/(-864)?
6
Suppose 2*p - 5 = 2*b - 3*p, -3*p = 3*b - 24. Suppose 0 = -b*k + 1102 - 967. What is the remainder when k is divided by 14?
13
Suppose -146*o + 13167 = -22749. What is the remainder when 2463 is divided by o?
3
Calculate the remainder when 490 is divided by 94010/711 - ((-1)/(-3))/(3/2).
94
Let m(a) be the first derivative of a**3/3 + a**2/2 - 6*a - 40. What is the remainder when 10 is divided by m(3)?
4
Let s be (-1 - 2) + 8 + 0. Suppose -s*p = 3 + 17. Calculate the remainder when (-32)/24*(0 - (-282)/p) is divided by 24.
22
Let t be 4*1 + 627/(-33). Let i(b) = -b**3 - 15*b**2 - 5*b - 24. What is the remainder when i(t) is divided by 19?
13
Suppose 480 = 317*z - 311*z. Let s = 5 + -8. Calculate the remainder when 53 is divided by z/15*s/(-2).
5
Let u = 43 - 11. Let m = u - 27. Suppose v - 3*l = 59, -m*l - 67 = 3*v - 4*v. Calculate the remainder when v is divided by 17.
13
Suppose 50*w + 8358 = 57*w. What is the remainder when w is divided by 26?
24
Suppose 59*t = 12600 - 5773 + 7451. What is the remainder when t is divided by 55?
22
Suppose 3*t + q = 93, 2*q = -t - 3*t + 126. Suppose 13*i - t = 11*i. What is the remainder when 42 is divided by i?
12
Suppose -60*k - 32*k = -12972. What is the remainder when 1563 is divided by k?
12
Let w(m) = 35*m**2 - 51*m + 17. What is the remainder when 1229 is divided by w(3)?
155
Let u(s) = 4*s**2 - 2*s - 26. Suppose f + 4*l = -7, 0*f = f - l - 8. Let q = -358 - -676. Calculate the remainder when q is divided by u(f).
62
Suppose -10*l - 62 = 7*l - 62. Let f = 9 - 2. Suppose f*g - 77 = -l*g. What is the remainder when 34 is divided by g?
1
Let a = -4934 - -4975. Calculate the remainder when a is divided by 15.
11
Let k = -3461 - -2038. Let z be (k + 1)/(-6) + 1*3. Suppose -5*r = 7*r - z. Calculate the remainder when 78 is divided by r.
18
Let a = 75 + -27. Let h(s) = -23*s**3 + 2*s**2 - 3. Let v be -1*8/(7 - 3). What is the remainder when h(v) is divided by a?
45
Suppose -12*z - 6*z = -450. Suppose -2*o = -4*m - 42, o - z = 4*m - 4. Calculate the remainder when 143 is divided by o.
17
Suppose 15 = -5*h, -3*l - h + 39 + 30 = 0. What is the remainder when 44 is divided by 270/(-5)*(-12)/l?
17
Let l(r) = 11*r - 13. Let y be l(2). Suppose 11 = g - 5*n, -g + y = -3*n - 0*n. Let b(h) = 3*h**2 - 11*h - 7. What is the remainder when b(g) is divided by 18?
17
Let n = 34 + 201. Suppose -n + 920 = 5*o. Calculate the remainder when o is divided by 18.
11
Let v(y) = y**2 - 32*y - 56. Let d(o) = -o**3 + 9*o**2 + 15*o - 16. Let l be d(10). Calculate the remainder when 226 is divided by v(l).
10
Let i(l) = 9*l + 3. Let j(t) = 4*t + 2. Let f(w) = 3*i(w) - 5*j(w). Let q be f(1). Suppose 4*v = 6 + q. Calculate the remainder when 14 is divided by v.
2
Let n(v) = -7 + 2*v**3 + 2*v**3 - 7*v**2 + 4*v + 8*v + 3*v**3 - 6*v**3. Calculate the remainder when n(6) is divided by 29.
0
Let t be (60/(-4) + 5)/(1/(-6)). Suppose 3*c + 153 = 6*z, c + 3*c = -3*z + t. Let j = 73 + -4. What is the remainder when j is divided by z?
21
Let q be -2 - (0 + 2/2). Let h be 8/(64/(-60))*2/q. Suppose 0 = 5*m - 2*m + h*x - 131, 0 = 5*m + 2*x - 231. What is the remainder when m is divided by 10?
7
Let f(u) = 2*u**3 + u**2 - u - 9. Let q be f(4). Let v = 139 - q. Suppose -2*y + v = 0, 3*o = -0*o - 4*y + 337. What is the remainder when o is divided by 18?
17
Suppose 2*u = 3*n - 228, u - 4*n + 341 = -2*u. Let y = u - -121. Calculate the remainder when y is divided by 7.
3
Let z(v) = v**2 - 9*v + 36. Let f(s) = s**3 + 8*s**2 - 20*s + 6. Let g be f(-10). Calculate the remainder when 178 is divided by z(g).
16
Suppose 3*p - 60 + 19 = 2*a, 0 = -3*p - 5*a + 76. Let h(s) = -s**3 - 7*s**2 + 18*s + 6. Let m be h(-9). What is the remainder when p is divided by (20/6)/2*m?
7
Let p(x) = -62*x - 643. Calculate the remainder when 173 is divided by p(-13).
10
Suppose -10 = -4*l + 2*l. Suppose 0 = 5*n + 5*c - 185, -5*n = -l*c - 195 - 0. Let m = 444 - 293. What is the remainder when m is divided by n?
37
Let b(l) = 19*l**2 - 244*l + 38. What is the remainder when b(13) is divided by (-3)/(-5) + (-117)/(-5)?
5
Let m be (-4)/(-4*2/(-16)). Let y = m + 21. Calculate the remainder when (-4*(-119)/(-68))/((-2)/14) is divided by y.
10
Let v be -2 + ((-15)/(-12) - 107/(-4)). Suppose -v*h = -24*h - 356. What is the remainder when h is divided by 31?
23
Suppose -5*y = -2*t - 983, -9*y - 398 = -11*y + 2*t. Calculate the remainder when y is divided by 34.
25
Let n(w) = -161 - 13*w - 2*w**2 - 6 + 10*w**2 + 18*w - 57*w. Calculate the remainder when 609 is divided by n(-3).
60
What is the remainder when 2656 is divided by 55 + -22 - (1 - -22)?
6
Let b(v) = -8*v. Let x = 497 + -399. Suppose -y - x = -2*y + 4*g, 0 = 5*y - g - 395. Calculate the remainder when y is divided by b(-2).
14
Suppose 4*w - 58 = 5*c, -15*w + 24 = -13*w - 5*c. Suppose 0 = -3*b + 3*g + 17 + 4, 4*b - 46 = -2*g. Calculate the remainder when w is divided by b.
7
Let f(i) = i**3 - 6*i**2 + 7*i - 12. Calculate the remainder when f(6) is divided by (-30)/(-3) - (17 - 35).
2
Suppose i - 319 = 4*n, -250*i + 254*i = 2*n + 1360. What is the remainder when i is divided by 32?
23
Suppose -627 = -5*i + 98. Suppose -33*o = f - 29*o - 101, 2*f - 197 = -3*o. Let s = -60 + f. Calculate the remainder when i is divided by s.
34
Suppose -19*u - 3057 = -23*u + 3*t + 1330, 3 = t. Let h(s) = -s**3 - 2*s**2 - 4*s - 2. Calculate the remainder when u is divided by h(-3).
16
Let n = 22 - 1. Suppose 4*x - 16 = 16*t - 21*t, -4*t + x - 4 = 0. Suppose -3*q + n = -t*q. Calculate the remainder when 40 is divided by q.
5
Let a(s) = 13*s**2 - 312*s - 326. What is the remainder when a(26) is divided by 44?
42
Suppose -3*t + 171 - 126 = 0. Suppose -165 = 10*r - t*r. What is the remainder when r is divided by 8?
1
Let v = 10242 + -10219. Calculate the remainder when 3631 is divided by v.
20
Suppose 209*z - 156297 = 98*z - 48*z. What is the remainder when z is divided by 111?
95
Let w = 219 - 219. Suppose w = -2*v - 0*v - 3*h + 43, 5*h - 18 = -v. Calculate the remainder when v is divided by 6.
5
Let s = 21381 + -18558. What is the remainder when s is divided by 25?
23
Let f(h) = -h + 10. Let p be (-2)/(-1 - (-7)/9). Let u be f(p). What is the remainder when (u + -19)*(-2)/6 is divided by 3?
0
Let o(q) be the first derivative of q**4/2 - q**3 - 4*q + 8. Suppose -28*k + 318 = -24*k - t, t = k - 78. Calculate the remainder when k is divided by o(3).
11
Suppose 10 = 5*x - 10. Suppose x = y - a, -5*y - 2*a + 7 + 13 = 0. Calculate the remainder when 69 is divided by (-69)/(-5) + -2 - y/(-20).
9
Suppose 1102 + 1759 = 17*w - 488. What is the remainder when w is divided by 8?
5
Suppose y - 222*w + 217*w = 41, 0 = 4*y - 5*w - 209. Calculate the remainder when 1003 is divided by y.
51
Let q(z) = 700*z - 5902. Calculate the remainder when q(11) is divided by 19.
12
What is the remainder when 480 is divided by (851/(-518))/((-1)/(-6))*-7?
66
Suppose 4*z + 5*z + 108 = 0. 